 Calculate w(-3).
0
Let h(b) = 3*b**2 - 2*b - 2. Let g = -22 + 20. Let r be 0/g + 6/3. Calculate h(r).
6
Let v(i) = -2*i**3 - 2*i**2 + 3*i + 3. Let p(r) = -3*r + 34. Let d be p(12). Give v(d).
5
Let j(u) = 9*u**2 - u. Let r = 7 + -6. What is j(r)?
8
Let a(c) = 3*c**2 + 3*c + 1. Let r be (-1 + (6 - 3))/(-1). Let m be r/(-4) - (-28)/8. Suppose 2 - m = l. Give a(l).
7
Let a(c) = -3*c + 59. Let x be a(17). Let v(p) = p**3 - 9*p**2 + 8*p + 1. What is v(x)?
1
Let h(p) be the third derivative of 0 + 1/24*p**4 + 5*p**2 + 0*p + 1/120*p**5 + 0*p**3 + 1/144*p**6. Let a(b) be the second derivative of h(b). What is a(1)?
6
Let z = -47 - -44. Let u(i) be the first derivative of i**4/4 + 4*i**3/3 + 3*i**2/2 - 2*i - 1. What is u(z)?
-2
Let f(k) = -2*k + 3. Let i(a) be the second derivative of 0 - 1/2*a**3 + 5/2*a**2 - 2*a. Let w(p) = -8*f(p) + 5*i(p). What is w(-2)?
-1
Suppose -2*t - 1 = -l + 4, -5*l + 4*t = -37. Let f(m) = m**2 - 10*m + 10. Let d be f(l). Let i = d - 4. Let v(p) = 2*p - 3. What is v(i)?
-9
Let x(y) = -y**2 - 9*y + 10. Suppose -2*t - 7 = h, 3*h - 21 = 6*h - 2*t. What is x(h)?
24
Let u be ((-1)/(-3))/(2/(-12)). Let h(d) = -3*d. Determine h(u).
6
Let t(l) = 7 + 3*l + 13 - 16. Suppose -q + 1 = -0*q. Let m(j) = -4*j**2 - 2*j + 1. Let i be m(q). Give t(i).
-11
Let f(r) = r - 2 + 4 - 2 + 1. Let m be ((-9)/6)/((-2)/(-4)). Determine f(m).
-2
Let c(p) = -10*p + 11*p + 0*p. Suppose -k = -w + 2*w, 0 = 2*w + k + 2. Give c(w).
-2
Let q(g) = g + 6. Let u = 25 - 10. Suppose 45 - u = -5*y. Calculate q(y).
0
Let u(t) = -t**2 + 5*t - 10. Let d be u(4). Let l(c) = -c**3 - 7*c**2 - 8*c - 8. Calculate l(d).
4
Let c(z) = 6 + 0*z + 0*z + 0*z + z. Give c(-5).
1
Let d(x) = x**2 - 12*x + 6. Suppose 5*f = 2*w - 25, w + 8*f = 3*f + 5. Calculate d(w).
-14
Suppose 4 = g + 4*l + 1, 4*g + 4*l = 12. Suppose -4*t + 1 = -g. Let c(z) = 0*z**2 + 3*z**2 + 0*z**2 + 1. Calculate c(t).
4
Suppose 3 = -3*p, r + 13 = 3*r - p. Let f(d) = 2*d**2 - r*d + 2 - 2*d**2 + d**2 + 4. Calculate f(5).
1
Let j(s) = -4*s - 4. Let y(g) = -g**2 + 3*g + 4. Let n be y(3). Suppose 0*r + 3*r + h + 7 = 0, 2*r + 5*h = n. Give j(r).
8
Let i = 65 - 69. Let u(g) = g**2 + 7*g + 5. What is u(i)?
-7
Let j(o) = 7*o - 3. Let u(r) = 4*r - 2. Let l(x) = -3*j(x) + 5*u(x). Suppose 0 = 18*m - 13*m + 30. Determine l(m).
5
Let i(f) = -f**2 + 9*f + 8. Let n(c) = 2*c + 6. Let q be n(1). Give i(q).
16
Let n(u) = u**3 - 6*u + 172 - 172 + 4*u**2. Let r = -14 - -9. What is n(r)?
5
Let k = 3 - -1. Let a(y) = 5 + 5*y + 0 - 3 - k*y. Determine a(3).
5
Let z be ((-4)/(-6))/((-6)/(-27)). Suppose -u - 12 = z*u. Let b(m) = -m - 4. Give b(u).
-1
Let y(i) = -i**2 - 4*i. Let m(b) = b**3 - 4*b**2 + b. Let f be m(4). Suppose -f*n = 9 + 3. Calculate y(n).
3
Let z(d) = d**3 - 5*d**2 - 12*d + 4. Let p(r) = r**3 - 4*r**2 - 13*r + 5. Let w(n) = 3*p(n) - 4*z(n). Calculate w(9).
-1
Let g be (1 - 0)*(0 + 1). Let a(y) = g + y**2 - 2 - 1 + 5*y. Suppose -3*n + 25 = -2*d, -2*d + n - 8 - 7 = 0. Determine a(d).
-2
Let h(n) = -8*n - 1. Let w be h(-1). Let k(c) = c**2 - 8*c + 10. Calculate k(w).
3
Let v(x) be the second derivative of 13*x**4/12 - x**3/3 - 2*x**2 - x. Let d(h) = 38*h**2 - 6*h - 11. Let p(f) = 3*d(f) - 8*v(f). Calculate p(-1).
11
Let p(t) = -3*t**3 + 2*t**2 - 1. Suppose 5*y + 1 + 6 = 3*r, r + 2*y = -5. Let z be p(r). Let m(k) = -k + 3. Calculate m(z).
-1
Let t(w) = -w**3 - 4*w**2 - 4*w - 2. Let z be (-8)/(0 + 0 + -1). Let f be (z/6)/((-1)/(-3)). Suppose -2*p = 3*k - 2, 2*k - 16 = -p - f*p. What is t(k)?
-2
Let r(c) = -8*c. Suppose -9 = 3*u - f - 2, 5*u = -4*f - 6. Calculate r(u).
16
Let q be ((-3)/(1*-1))/(-1). Let a(d) be the first derivative of -3/2*d**2 - 1 - d. What is a(q)?
8
Suppose -11 = 3*t - p, 0*p + 35 = -3*t - 5*p. Let m = 15 + -9. Let l(o) = -5 + m + 6 - 5*o - o**2. Give l(t).
7
Let q(j) = -7*j**3 + 2*j**2 + j. Let w(r) = -r**3 - 8*r**2 + 9*r - 1. Let y be w(-9). What is q(y)?
8
Let l be 1/(3/(-3 + 24)). Let z = -11 + l. Let n(q) = q**3 + 4*q**2 + 1. Calculate n(z).
1
Suppose -8*u = -4*u - 16. Suppose u*a - a = 3. Let y(c) = 9*c**2 - 2*c + 1. Determine y(a).
8
Let t(h) = h**2. Let x(b) = -7*b**2 - 3*b + 3. Let m(z) = -6*t(z) - x(z). Give m(-3).
-3
Let a(g) = -2*g + 1. Let m = 8 - 7. Determine a(m).
-1
Suppose -4*b + 7*b + 7 = -2*r, -4*b = -5*r - 6. Let v(n) = 3 + 3*n**2 - 4*n**2 - 4. Determine v(r).
-5
Let g(s) = -s**2 - 5*s - 1. Let h(n) = 3*n + 3. Let w(q) = -q - 1. Let a(i) = h(i) + 4*w(i). Let x be ((-1)/(-3))/((-2)/(-24)). Let r be a(x). What is g(r)?
-1
Suppose z - 1 = 1. Let b(f) = 7 - 6 + 7 - 3*f + z*f. Calculate b(6).
2
Let b = -7 - -6. Let s(g) = -g**3 + g. Calculate s(b).
0
Let i(d) = -d**2 - d + 5. Let j be (-4)/(-56)*-4 + (-33)/7. Calculate i(j).
-15
Let r(b) = -5*b - 2. Let l(w) = -4*w - 1. Suppose 2*f - 4 = f. Let d(p) = f*l(p) - 3*r(p). Determine d(-2).
4
Let r be (-11)/(-6) + 6/36. Let u(b) = -11 + b**r - 4*b - 11 + 16. Give u(5).
-1
Let v be (-1 - -4) + (-21 - -20). Let h(o) be the first derivative of -o + o**v + 1/3*o**3 - 3. Determine h(-3).
2
Suppose -2 = -4*g + 2*d, -2*g + 0*g - 5 = -3*d. Let v(s) = 0*s**2 - 3*s**2 - 1 + 0*s**2 + s**g - 4*s. Calculate v(-3).
-7
Let t be 4*(-9)/(-24)*2. Let y be (-3 + 2)/((-1)/t). Let l(q) = q - 1. Calculate l(y).
2
Let o(v) be the first derivative of -2*v + 3*v - 2*v**2 + 8 - 5 + 0*v**2. What is o(2)?
-7
Let d be (-16)/(-10) + (-4)/(-10). Suppose -q + 2 = -d*q. Let u(h) = h**3 + 3*h**2 + 3*h. Let z be u(q). Let p(y) = -4*y - 1. Give p(z).
7
Let l(w) = w**3 + 3*w**2 - 4*w - 3. Suppose 0 = 5*r - 5*g - 5, r = -4*r + 4*g. What is l(r)?
-3
Let c(b) be the third derivative of b**4/8 + 2*b**3/3 - 25*b**2. Give c(-6).
-14
Let h = -4 - -4. Let x be 1 - 3 - (-2 - h). Let k = 0 - x. Let n(y) = -y**3 - y**2 - y + 2. What is n(k)?
2
Let g(x) = -x**2 + x + 9. Let f(m) = 1. Let n(l) = -5*f(l) + g(l). Determine n(-3).
-8
Let b(v) = 11*v**3 + 14*v**2 - 2*v - 11. Let c(m) = 5*m**3 + 7*m**2 - m - 5. Let x(w) = 6*b(w) - 13*c(w). What is x(7)?
6
Suppose k + 1 = -2*g, 4*g + 4*k = -g - 4. Let o(r) = r**2 - r. What is o(g)?
0
Let s be 1 + -2 - (-9 - -10). Let l(a) = -a**2 - 3*a - 1. What is l(s)?
1
Suppose a - 3 = -1. Let h(m) = -1 + m**2 + 7 + 0*m**a + 4*m. Let i(g) = -g**2 + 3*g - 6. Let z be i(2). Give h(z).
6
Let s(l) = l - 5. Suppose 38 - 14 = 4*n. Let f be n/(-9) - (-52)/(-12). Calculate s(f).
-10
Let c(l) = 73*l**3 + 2 - 33*l**3 - 41*l**3 + 6*l**2. Calculate c(6).
2
Suppose -19 = -3*x + 146. Let u be (-4)/(-6) + x/(-15). Let v(m) = m**2 + 3*m + 2. Determine v(u).
2
Let l(c) be the first derivative of -3*c + 1 + 0*c + 4*c - c**2. Calculate l(2).
-3
Let s(t) = -2*t**2 - 4*t - 1. Let b be 14*2/(-8) - (-1)/2. Calculate s(b).
-7
Suppose -5*o + 4*o + 11 = 0. Let b(d) = d - 12. Let t be b(o). Let m(w) = 5*w**2 - w. Give m(t).
6
Let j(x) = x - 8. Suppose -4*h = 4*k - 8, 0 = -3*h + 2*k - 4*k + 8. Let w be j(h). Let b(u) = -u**3 - 5*u**2 + 5. What is b(w)?
-11
Let l = 1 + -2. Let j be 2*l*(-15)/(-10). Let m(h) be the first derivative of -h**3/3 - 3*h**2/2 - 2*h - 1. Calculate m(j).
-2
Let q(b) = -2*b**2 + 18*b + 8. Let a be q(9). Let w(d) = d - 9. Give w(a).
-1
Let i(j) = 5*j**2 + 4*j + 8. Let p(a) = -4*a**2 - 4*a - 7. Let w(o) = -3*i(o) - 4*p(o). Give w(-5).
9
Let p(y) = y - 5. Suppose 0 = -a + 3*a + a. Determine p(a).
-5
Suppose 0 = -9*o - 9 - 45. Let y(i) = 6*i**3 + 11*i**2 - i. Let t(h) = 7*h**3 + 12*h**2 - h. Let n(c) = -5*t(c) + 6*y(c). Calculate n(o).
6
Let l(w) = 2 + 2*w**2 - 5*w**3 + 4*w**3 + 2*w + 0. Suppose -2*d = 4*v - 11 + 1, 0 = -4*d - 2*v + 14. Give l(d).
-1
Let a(t) = -13*t**2 - 10*t + 10. Let z(u) = -4*u**2 - 3*u + 3. Let f(k) = 2*a(k) - 7*z(k). Calculate f(-2).
5
Let q be 18/2*(-7)/(-21). Let u(g) = -4*g + q*g - 2*g - 2. Suppose 4 = 4*b + 12. Calculate u(b).
4
Let s(v) = 4*v**2 - v. Let h = -7 - -13. Suppose -2*f + h*f = -8. Let l be (4/(-8))/((-1)/f). Calculate s(l).
5
Let y(q) be the third derivative of q**4/24 - 2*q**3/3 + q**2. What is y(-3)?
-7
Let y(a) = -20*a - 7. Let r(c) = 8*c + c - 2*c + 2. Suppose 2*p = 5*v + 24, 0 = -p - p + 2*v + 30. Let o(h) = p*r(h) + 6*y(h). Calculate o(-5).
-3
Let v(u) = 7*u**3 + 14*u**2 + 7*u + 11. Let s(a) = -3*a**3 - 7*a**2 - 4*a - 5. Let c(o) = 9*s(o) + 4*v(o). What is c(8)?
-1
Let x(l) = -3*l**3 + 9*l**2 - l + 1. Let j(p) = 2*p**3 - 5*p**2 